n 2386 is divided by 171?
163
What is the remainder when 2780 is divided by 16?
12
What is the remainder when 1187 is divided by 119?
116
Calculate the remainder when 117 is divided by 5.
2
Calculate the remainder when 196 is divided by 6.
4
What is the remainder when 555 is divided by 139?
138
What is the remainder when 15551 is divided by 18?
17
Calculate the remainder when 259 is divided by 63.
7
What is the remainder when 421 is divided by 61?
55
Calculate the remainder when 262 is divided by 8.
6
Calculate the remainder when 9293 is divided by 2318.
21
Calculate the remainder when 802 is divided by 205.
187
What is the remainder when 203 is divided by 10?
3
What is the remainder when 244 is divided by 90?
64
Calculate the remainder when 815 is divided by 39.
35
Calculate the remainder when 122 is divided by 34.
20
What is the remainder when 3758 is divided by 114?
110
What is the remainder when 410 is divided by 136?
2
What is the remainder when 927 is divided by 292?
51
Calculate the remainder when 1670 is divided by 9.
5
What is the remainder when 333 is divided by 24?
21
Calculate the remainder when 1253 is divided by 115.
103
What is the remainder when 579 is divided by 95?
9
What is the remainder when 543 is divided by 8?
7
Calculate the remainder when 29 is divided by 15.
14
What is the remainder when 523 is divided by 24?
19
What is the remainder when 1814 is divided by 887?
40
Calculate the remainder when 2787 is divided by 233.
224
Calculate the remainder when 263 is divided by 19.
16
Calculate the remainder when 231 is divided by 77.
0
Calculate the remainder when 309 is divided by 2.
1
What is the remainder when 29 is divided by 15?
14
What is the remainder when 394 is divided by 84?
58
What is the remainder when 64 is divided by 11?
9
Calculate the remainder when 7872 is divided by 44.
40
Calculate the remainder when 534 is divided by 300.
234
What is the remainder when 1534 is divided by 67?
60
What is the remainder when 221 is divided by 15?
11
Calculate the remainder when 141 is divided by 12.
9
What is the remainder when 2867 is divided by 29?
25
Calculate the remainder when 388 is divided by 78.
76
What is the remainder when 6958 is divided by 116?
114
What is the remainder when 388 is divided by 15?
13
Calculate the remainder when 65 is divided by 15.
5
What is the remainder when 241 is divided by 9?
7
What is the remainder when 24550 is divided by 124?
122
Calculate the remainder when 165 is divided by 55.
0
What is the remainder when 3098 is divided by 311?
299
Calculate the remainder when 3016 is divided by 151.
147
What is the remainder when 315 is divided by 29?
25
What is the remainder when 369 is divided by 355?
14
Calculate the remainder when 821 is divided by 137.
136
What is the remainder when 473 is divided by 28?
25
What is the remainder when 359 is divided by 52?
47
What is the remainder when 78 is divided by 41?
37
Calculate the remainder when 769 is divided by 4.
1
What is the remainder when 477 is divided by 125?
102
What is the remainder when 646 is divided by 16?
6
What is the remainder when 570 is divided by 97?
85
Calculate the remainder when 290 is divided by 123.
44
Calculate the remainder when 75069 is divided by 23.
20
Calculate the remainder when 73 is divided by 25.
23
Calculate the remainder when 136 is divided by 23.
21
Calculate the remainder when 102 is divided by 12.
6
Calculate the remainder when 920 is divided by 32.
24
What is the remainder when 2499 is divided by 139?
136
Calculate the remainder when 359 is divided by 122.
115
What is the remainder when 630 is divided by 41?
15
Calculate the remainder when 395 is divided by 21.
17
Calculate the remainder when 178 is divided by 30.
28
Calculate the remainder when 52 is divided by 6.
4
What is the remainder when 384 is divided by 18?
6
Calculate the remainder when 2629 is divided by 865.
34
Calculate the remainder when 111 is divided by 73.
38
What is the remainder when 151 is divided by 56?
39
Calculate the remainder when 19557 is divided by 11.
10
Calculate the remainder when 236 is divided by 7.
5
Calculate the remainder when 333 is divided by 108.
9
Calculate the remainder when 296 is divided by 72.
8
Calculate the remainder when 912 is divided by 75.
12
What is the remainder when 13805 is divided by 39?
38
What is the remainder when 48 is divided by 21?
6
Calculate the remainder when 180 is divided by 62.
56
Calculate the remainder when 23 is divided by 14.
9
What is the remainder when 45 is divided by 4?
1
Calculate the remainder when 415 is divided by 121.
52
Calculate the remainder when 561 is divided by 97.
76
Calculate the remainder when 808 is divided by 28.
24
Calculate the remainder when 3482 is divided by 16.
10
Calculate the remainder when 70 is divided by 36.
34
Calculate the remainder when 349 is divided by 50.
49
What is the remainder when 136 is divided by 33?
4
Calculate the remainder when 142 is divided by 5.
2
What is the remainder when 1907 is divided by 7?
3
Calculate the remainder when 65 is divided by 14.
9
Calculate the remainder when 574 is divided by 17.
13
Calculate the remainder when 1207 is divided by 40.
7
Calculate the remainder when 1140 is divided by 173.
102
Calculate the remainder when 300 is divided by 62.
52
Calculate the remainder when 713 is divided by 92.
69
Calculate the remainder when 6578 is divided by 14.
12
What is the remainder when 86 is divided by 80?
6
What is the remainder when 8853 is divided by 54?
51
What is the remainder when 153 is divided by 23?
15
What is the remainder when 76 is divided by 18?
4
What is the remainder when 175 is divided by 100?
75
What is the remainder when 64 is divided by 17?
13
What is the remainder when 306 is divided by 173?
133
Calculate the remainder when 302 is divided by 26.
16
What is the remainder when 4754 is divided by 26?
22
Calculate the remainder when 1161 is divided by 104.
17
What is the remainder when 440 is divided by 49?
48
Calculate the remainder when 1647 is divided by 110.
107
What is the remainder when 2630 is divided by 1314?
2
Calculate the remainder when 11724 is divided by 11.
9
Calculate the remainder when 52796 is divided by 15.
11
Calculate the remainder when 85 is divided by 2.
1
What is the remainder when 157 is divided by 11?
3
What is the remainder when 779 is divided by 34?
31
Calculate the remainder when 445 is divided by 15.
10
What is the remainder when 5951 is divided by 24?
23
What is the remainder when 535 is divided by 23?
6
Calculate the remainder when 49 is divided by 10.
9
What is the remainder when 1531 is divided by 95?
11
Calculate the remainder when 166 is divided by 164.
2
What is the remainder when 191 is divided by 7?
2
What is the remainder when 205 is divided by 18?
7
What is the remainder when 2999 is divided by 51?
41
What is the remainder when 4502 is divided by 27?
20
What is the remainder when 1272 is divided by 26?
24
Calculate the remainder when 84 is divided by 20.
4
What is the remainder when 1043 is divided by 74?
7
What is the remainder when 48 is divided by 5?
3
Calculate the remainder when 5948 is divided by 13.
7
What is the remainder when 597 is divided by 15?
12
What is the remainder when 252 is divided by 53?
40
What is the remainder when 26 is divided by 5?
1
Calculate the remainder when 704 is divided by 47.
46
What is the remainder when 101 is divided by 13?
10
Calculate the remainder when 105 is divided by 36.
33
What is the remainder when 551 is divided by 56?
47
Calculate the remainder when 2104 is divided by 259.
32
Calculate the remainder when 706 is divided by 65.
56
What is the remainder when 7198 is divided by 30?
28
What is the remainder when 674 is divided by 75?
74
What is the remainder when 263 is divided by 59?
27
What is the remainder when 483 is divided by 128?
99
What is the remainder when 1901 is divided by 17?
14
What is the remainder when 2118 is divided by 101?
98
What is the remainder when 386 is divided by 99?
89
Calculate the remainder when 1177 is divided by 43.
16
What is the remainder when 77 is divided by 14?
7
Calculate the remainder when 4551 is divided by 8.
7
Calculate the remainder when 337 is divided by 13.
12
What is the remainder when 1716 is divid